3 + 6*b**2 + 18*b - 36. Let v(w) = 10*c(w) + k(w). Let o(y) = y**2 - y - 3. Let q be o(0). Determine v(q).
-9
Let h = -4113 + 4128. Let f(j) = -j**2 + 14*j + 15. Give f(h).
0
Let j(w) be the third derivative of 5/12*w**4 - 4/3*w**3 + 0*w - 1/60*w**5 + 119*w**2 + 0. Let s(x) = -x**2 + 7*x - 2. Let v be s(5). What is j(v)?
8
Suppose 0 = -15*b - 10*b + 150. Let z(x) = -11386 + b*x + 11386. Calculate z(1).
6
Let m be (-352)/(-576)*(0 + 2) - (-2)/(-9). Let z(v) = -10*v**2 + 3*v. Calculate z(m).
-7
Let q(h) = h**3 - 8*h**2 - h + 3. Let p be (-332)/(-6) - (80/15 - 5). Suppose -p*j - 16 = -57*j. Give q(j).
-5
Let f be -1 - 2*(-52)/8. Let r(t) = -t**2 + 11*t + 16. Let b be r(f). Let w(i) = -i**3 - 7 + i - 18*i**2 - 3*i + 3 + 23*i**2. Calculate w(b).
4
Let w(h) = -57*h**3 - 2*h**2 - 4*h - 2. Let c be w(-1). Let a = c - 54. Let m(z) = -6*z + 4. Let g(v) = -5*v + 3. Let i(x) = a*m(x) - 4*g(x). Give i(-6).
-12
Let l(z) = z**3 + 14*z**2 - 17*z - 32. Suppose -5*y + 100 - 175 = 0. Calculate l(y).
-2
Suppose 5*q = -2*g + 13, 6*q - 3*q + 2*g - 7 = 0. Let d be 3 + 0 + -1 + q. Let c(i) = d*i - 5*i + 0*i - i. What is c(7)?
-7
Let f(d) be the first derivative of -4 - 4*d**2 - 11/3*d**3 + 14*d - 1/4*d**4. Give f(-10).
-6
Let c(j) = -27*j - 24*j + 71*j - 21*j - 3. Suppose 2082*q - 12 = 2085*q. Calculate c(q).
1
Let u be (-156)/(-10) + -4 + 220/50. Suppose -7 = u*a + 9. Let i(f) = 3*f**3 + f**2 + 2*f + 1. Determine i(a).
-3
Suppose -2*p - 2209 = -14729. Let o(u) = 6257*u + p*u - 12518*u + 39. Give o(0).
39
Let f(n) = -n - 14. Let k(q) = q + 29. Let o be k(-42). Give f(o).
-1
Let q(f) = -16*f - 46. Let p(i) = i**2 - 23*i + 127. Let g be p(10). Give q(g).
2
Suppose 13*g + 11420 = 11446. Let r(b) = 18*b - 5. What is r(g)?
31
Let a(x) = 2*x**2 + 2*x + 3. Let b be a(-2). Suppose 25 - b = -6*k. Let p be ((-1)/k)/((-1)/((-15)/1)). Let n(h) = -h - 1. Give n(p).
-6
Let l(x) = 4*x**2 + 2*x - 2*x**2 - 12 + 11*x**3 + 13. Determine l(-1).
-10
Let z be 2/6 + 6*16/36. Suppose -44 = -z*x - x. Let f(h) = 30*h**2 - 8*h - 14*h**2 - 15*h**2 - x. Calculate f(8).
-11
Let p be (-4)/(-2) - 3/(-1). Let m(r) = -3 + 6*r**3 + 0*r**2 - p*r**3 + 6*r**2. Suppose 0 = 2*c + 2*f + 14, -3*c - 19 = 4*f - 2*f. What is m(c)?
22
Let d(k) = 2*k**2 + 32*k + 6. Let s(r) = -14*r + 320. Let c be s(24). Give d(c).
6
Let c = -213 - -292. Suppose 76*a + 39 = c*a. Let n(d) = d**2 - 14*d + 17. What is n(a)?
4
Let x(j) be the first derivative of j**4/4 - j**3/3 - 46. Suppose 5*y - k = 11, -3*y - y - k = -16. Suppose -y*f = -10*f. Calculate x(f).
0
Let q(v) = v - 4. Let z = 24 + -5. Suppose 4*r + 64 + 18 = -2*d, -r - 2*d = z. Let o = r - -21. Determine q(o).
-4
Let u(o) = -o**3 - 5*o**2 - 3*o + 2. Let n be (7 - 1)*((-16)/4)/(-12). Suppose -74 + 104 = n*m. Suppose -8*b + 21 = -m*b. Determine u(b).
-7
Suppose 0*o = 2*o - 3*c - 18, -2*o + c + 10 = 0. Let j(t) = 14*t**2 - 42*t - 4. Let k be j(o). Let g(r) = -r. What is g(k)?
4
Let x(t) = -2*t**2 + 14*t - 27. Let r = 9195 + -9193. Determine x(r).
-7
Let m be 7/(-3) + 1 + 112/336. Let l(j) be the first derivative of -j**4 + 2*j**3/3 - j + 1. Calculate l(m).
5
Let x(v) be the first derivative of -5*v**2 + 4*v - 50211. Let l = -8 - -13. Calculate x(l).
-46
Let f(j) = -j**3 - j**2 - j - 5. Let z be f(0). Let p be z/30 - (-2)/((-12)/(-13)). Let b(w) = 2*w - 2*w**2 + 3*w**2 + p + w + 0. Determine b(-5).
12
Let y(x) = 331*x**2 + 73*x + 39. Let m(j) = -372*j**2 - 73*j - 40. Let u(h) = -8*m(h) - 9*y(h). Calculate u(-24).
-7
Let k(j) = 74*j + 5 - 244*j + 70*j + 101*j. Suppose 1 = 2*v + 13. Give k(v).
-1
Let j(b) be the second derivative of 2*b**3 - 137*b**2/2 + 2062*b. Determine j(11).
-5
Let v(a) = a**3 + 7*a**2 - 2*a - 9. Let x be v(-7). Let c(n) be the first derivative of n**2/2 - 9*n + 804. Determine c(x).
-4
Let a(u) = 144*u - 33. Let i(t) = 9*t - 2. Let y(x) = 2*x**3 + 26*x**2 - 2*x + 7. Let p be y(-13). Let o(k) = p*i(k) - 2*a(k). Let w = 11 + -10. What is o(w)?
9
Let m(g) be the first derivative of 11*g**3/3 + 10. Suppose -7*x - 12 = -5. What is m(x)?
11
Let s(b) = 54*b - 8. Let w(y) = 101*y - 15. Let p(m) = -13*s(m) + 7*w(m). Determine p(0).
-1
Suppose 5*d + 97 = -163. Let v = d - -55. Let u(y) = y**2 - 3*y + 2. Determine u(v).
2
Suppose -174*z + 3616 = -166*z. Let p = z + -459. Let v(u) = -u**3 - 8*u**2 - 3*u - 3. Calculate v(p).
-31
Let l(t) be the second derivative of t**4/4 - 2*t**3/3 - 15*t**2 - t + 251. What is l(-3)?
9
Let p(y) = 12*y + 13*y - 58*y - 1 + 16*y + 16*y. Let a be 12/(-1 + 0 + -3 + 6). Suppose 0 = a*i - 2 + 38. Determine p(i).
5
Let w(n) be the first derivative of 3*n**2 + 61*n - 107. Determine w(-12).
-11
Let b(c) be the first derivative of 2*c**3/3 + 2*c**2 + 73*c + 13. Let z(s) be the first derivative of b(s). Give z(-6).
-20
Let j(r) = -2*r + 8. Let m = 88 + -84. Suppose -3*d - 2*d + 30 = m*g, 0 = g - 5. Suppose -14 = -4*f + d*f. What is j(f)?
-6
Let v = -23 - -17. Let c(w) = -10*w - 1. Let n(d) = 8*d + 1. Let a(q) = v*n(q) - 5*c(q). Determine a(1).
1
Let d(v) be the second derivative of -v**6/360 - 2*v**5/5 + 173*v**4/12 + 2*v - 53. Let r(z) be the third derivative of d(z). Calculate r(-26).
4
Let l(w) be the third derivative of -w**5/120 - w**4/24 + 29*w**3 - 3*w**2 + 38. Let k(y) be the first derivative of l(y). What is k(7)?
-8
Let b(k) be the first derivative of -1/2*k**2 + 1/4*k**4 - 3*k**3 - 7 - 3*k. What is b(9)?
-12
Suppose -917 = 98*o - 91*o. Let v = o - -130. Let j(d) = -31*d - 1. Determine j(v).
30
Suppose 0 = 2*m + 3*f + 4, m + 15 = 2*f + 3*f. Let k(t) = -3*t**2 - t - 7. Let q(w) = -2*w**2 - w - 4. Let v(c) = m*q(c) + 3*k(c). Let y = 3 + -2. Give v(y).
2
Let a = 112 - 133. Let d be (1 + -2)*(a + 14). Let z(l) = -l**3 + 7*l**2 - 3*l + 9. Give z(d).
-12
Let k(d) = 8*d + 3. Let a(o) = -485*o - 5821. Let f be a(-12). What is k(f)?
-5
Let o be -6 + 18 + 23 + 0 - -6. Let p(q) = 2*q**2 - 78*q - 155. Determine p(o).
9
Let x(k) = -k - 9. Suppose 5*z = -119 + 1964. Let o = -378 + z. Determine x(o).
0
Let a(x) = 2*x**2 - 5*x - 30. Let i(o) = o**2 - 3*o - 16. Let c(w) = -6*a(w) + 11*i(w). Suppose 0 = -40*p + 35 + 45. Give c(p).
-6
Suppose -2*p + 3*r = 8 - 27, -2*r = 5*p. Let d(s) = -33*s**2 - 2 + 2*s**3 + 58*s**p - 26*s**2. What is d(-2)?
-22
Let p be (-950)/(-80) - (-2)/16. Suppose 5*i - 2*y + 10 + 5 = 0, 0 = 3*i + 3*y - p. Let g(z) = 6*z**3 + 2*z + 1. What is g(i)?
-7
Let f(d) be the first derivative of d**3/3 - 9*d**2 + 23*d + 5605. Determine f(6).
-49
Let c(b) = b**3 + 3*b. Let w(g) = -15*g**3 + 14*g**2 - 48*g + 100. Let f(l) = 14*c(l) + w(l). Calculate f(14).
16
Let z(h) = -h**2 + 9*h - 4. Let r be z(7). Let i(a) = 107*a + 6 + 2246*a**3 - 2245*a**3 - 98*a - 11*a**2. Calculate i(r).
-4
Let x(b) = 7. Let k(u) = u - 15. Let f(t) = -3*k(t) - 5*x(t). Let d(w) = 6*w - 2 + 0*w - 9. Let s be d(3). Give f(s).
-11
Suppose 0 = -5*g - 4*f + 6*f + 29, 0 = 4*g + 2*f - 16. Let a(y) = y**2 + 9*y - 13. Give a(g).
57
Let z(j) = j + 7. Let u be z(-6). Suppose -5*p - u - 9 = 0. Let i(h) = 4*h**2 - 3*h - 2. Give i(p).
20
Let p(y) = -6*y - 1. Let t(f) = -f - 21. Let b be t(-23). Suppose -10*g = b - 12. What is p(g)?
-7
Let n = -77 - -83. Let m(v) be the second derivative of v**4/6 - 4*v**3/3 - 2*v**2 - 538*v. Determine m(n).
20
Let k(s) be the second derivative of -5/6*s**4 - 16*s + 0 + 1/20*s**5 + 5/3*s**3 - 3/2*s**2. Determine k(9).
6
Let h(u) be the second derivative of -u**6/120 - u**4/24 - 2*u**3/3 - 19*u**2/2 + 16*u - 9. Let d(f) be the first derivative of h(f). Calculate d(0).
-4
Let y(a) = -3*a**2 + 9*a - 9. Let k(v) = -2*v**3 - 111*v**2 + 49*v - 390. Let x be k(-56). Calculate y(x).
-3
Suppose -80*p = -81*p - 2*g - 46, -166 = 4*p + 5*g. Let r(u) = -u**3 - 32*u**2 + 69*u + 39. Determine r(p).
5
Let o(g) be the first derivative of -g**4/4 + 14*g**3/3 - g**2 - 149*g + 439. What is o(13)?
-6
Suppose -10*t + 6*t - 24 = 0. Let o(s) = -293 - 286 - 288 + s**2 - 285 + 1155 + 12*s. What is o(t)?
-33
Suppose 91 = -11*h + 36. Suppose -4*k + 10 = -22. Let i(z) = -7*z - 5*z**2 + 2 - 4*z**2 + k*z**2 + z. Calculate i(h).
7
Let a(j) be the second derivative of -16*j**3/3 - 850*j**2 - j - 66. Calculate a(-53).
-4
Suppose 0 = 88*s - 85*s - 2*x - 10, 3 = -4*s + 5*x. Let a(r) = -4*r**2 + 37*r - 21. Determine a(s).
19
Let h(j) = -j**2 + 2*j - j + 0*j - 5*j - 1753 + 1766. Cal